(-2).
1
Let n(k) = -2407*k - 69815. Give n(-29).
-12
Let z(a) = -3*a**3 - 91*a**2 + 73*a + 475. Determine z(-31).
134
Let p(m) = 2*m**3 + 4*m**2 + 2*m - 44. What is p(-6)?
-344
Let n(f) = -389*f + 22254. Calculate n(54).
1248
Let r(x) = 6898*x + 91141. Determine r(-13).
1467
Let v(j) = -574*j - 2050. Calculate v(-5).
820
Let c(r) = 7*r**3 - 171*r**2 - 205*r + 6658. Calculate c(24).
10
Let q(b) = 42045*b - 924962. What is q(22)?
28
Let m(c) = -1032*c - 6404. What is m(-7)?
820
Let q(h) = -2*h**3 + 419*h**2 - 20550*h - 2233. Determine q(131).
-6
Let p(b) = -20*b**2 + 8*b + 227. Give p(-6).
-541
Let i(j) = j**2 + 151*j - 5911. Calculate i(-185).
379
Let x(h) = 6*h**3 + 2487*h**2 + 20705*h - 421. Give x(-406).
-15
Let k(p) = 105*p**2 + 294*p - 27. Give k(-3).
36
Let h(j) = -2*j**3 - 159*j**2 + j + 6342. Determine h(-79).
22
Let t(j) = 2572*j**3 + 26*j**2 + 29*j + 3. Give t(-1).
-2572
Let y(h) = -38939*h - 2569958. Determine y(-66).
16
Let j(n) = n**2 - 15*n - 7776. Determine j(96).
0
Let c(y) = y**3 - 24*y**2 + 95*y + 3. Determine c(4).
63
Let v(b) = -5*b**2 - 2201*b - 8783. What is v(-4)?
-59
Let v(h) = -767*h - 61576. Determine v(-80).
-216
Let l(m) = -34*m**2 - 8183*m + 2628. Give l(-241).
-23
Let v(j) = -j**3 + 133*j**2 - 372*j - 1545. Determine v(130).
795
Let s(j) = -2230*j + 91429. Determine s(41).
-1
Let l(y) = y**3 - 222*y**2 - y + 1111. What is l(222)?
889
Let o(a) = -a**3 - 156*a**2 + 495*a + 3132. Give o(-159).
270
Let g(w) = 750*w - 9021. Give g(12).
-21
Let d(g) = -38*g**2 - 221*g - 1769. Give d(-9).
-2858
Let v(g) = -1165*g**2 - 9297*g + 178. What is v(-8)?
-6
Let g(d) = -2*d**3 + 136*d**2 + 3524*d - 73. Determine g(88).
279
Let c(a) = -275*a - 20831. What is c(-76)?
69
Let v(y) = -2*y**2 - 5864*y - 127991. Give v(-22).
49
Let t(v) = v**3 + 1559*v**2 + 177941*v + 1415. Calculate t(-1435).
-20
Let u(z) = -z**3 + 43*z**2 - 64*z + 4450. Calculate u(44).
-302
Let f(d) = -3*d**2 - 631*d + 21387. Give f(-240).
27
Let a(i) = -10*i**2 + 861*i + 922. Determine a(85).
1857
Let s(l) = -204*l - 68990. What is s(-338)?
-38
Let g(h) = -1791*h - 30445. Give g(-17).
2
Let w(j) = -j**2 - 2176*j + 182816. Give w(81).
-1
Let p(l) = 647*l**2 + 5995*l - 4753. Give p(-10).
-3
Let a(b) = -b**3 - 54*b**2 + 251*b + 2242. Give a(-58).
1140
Let q(f) = -f**3 - 61*f**2 - 617*f - 25. Determine q(-47).
-1952
Let t(g) = -g**3 - 369*g**2 - 33999*g + 3974. What is t(-189)?
5
Let u(w) = 10*w**3 - 100*w**2 + 131*w - 1219. Determine u(10).
91
Let p(t) = -t**3 + 42*t**2 - 214*t + 90. What is p(6)?
102
Let l(x) = 2*x**3 + 28*x**2 - 200*x - 2750. Give l(-14).
50
Let z(o) = 2617*o - 614997. Calculate z(235).
-2
Let t(z) = -9*z**2 - 1233*z + 7400. Give t(6).
-322
Let f(z) = 9*z**3 - 21*z**2 - 3272*z - 6451. Give f(-2).
-63
Let p(s) = 1685*s - 16889. What is p(10)?
-39
Let u(y) = -24*y**2 + 3866*y + 3604. What is u(162)?
40
Let c(h) = h**3 - 167*h**2 + 3055*h + 1611. Give c(146).
5
Let p(a) = -97*a**2 + 7171*a + 498. Determine p(74).
-20
Let r(m) = -10*m**2 + 934*m + 3535. Give r(97).
43
Let s(w) = -208*w + 8169. Calculate s(41).
-359
Let b(z) = z**2 - 360*z + 12509. Give b(39).
-10
Let a(p) = -88*p**2 + 86440*p - 23538. Determine a(982).
30
Let h(l) = -l**3 + 137*l**2 - 4186*l + 81. Determine h(91).
81
Let j(q) = -155885*q - 1870623. Determine j(-12).
-3
Let s(x) = -2*x**3 + 1025*x**2 + 3790*x - 91838. What is s(516)?
10
Let g(u) = 6294*u + 88056. Give g(-14).
-60
Let w(k) = -40242*k + 563389. What is w(14)?
1
Let g(k) = 324*k - 58846. Calculate g(185).
1094
Let n(p) = 3928*p + 1311950. What is n(-334)?
-2
Let j(b) = -44*b**2 + 561*b + 141. Calculate j(14).
-629
Let g(y) = -2*y**2 - 548*y + 7726. Determine g(14).
-338
Let c(v) = 1279*v + 2650. What is c(-2)?
92
Let t(v) = v**3 - 71*v**2 + 251*v + 5252. Give t(66).
38
Let y(k) = 31*k**2 - 708*k + 3643. What is y(7)?
206
Let h(q) = 449*q - 4644. What is h(10)?
-154
Let k(v) = 5349*v + 96250. Calculate k(-18).
-32
Let p(m) = -m**3 - 290*m**2 - 217*m + 20870. Give p(-289).
62
Let j(o) = 1823*o**2 + 409*o - 408. Calculate j(1).
1824
Let v(u) = -125*u**3 - 214*u**2 - 58*u - 117. Give v(-2).
143
Let a(h) = -86*h**3 - 593*h**2 + 85*h - 35. Determine a(-7).
-189
Let c(s) = -1536*s + 337909. Calculate c(220).
-11
Let n(v) = 8*v**2 - 334*v - 90. Give n(42).
-6
Let z(v) = 7*v**2 + 102*v - 1075. What is z(-23)?
282
Let s(f) = 32*f**3 - 522*f**2 + 162*f - 39. Determine s(16).
-7
Let c(z) = -149*z + 5343. Determine c(37).
-170
Let s(r) = -4*r**3 - 9*r**2 + 28*r + 152. Determine s(-5).
287
Let k(s) = 101*s**3 - 2094*s**2 - 577*s + 206. What is k(21)?
-4
Let r(d) = -18*d**2 + 2381*d + 1757. Determine r(133).
28
Let y(x) = 9542*x + 896957. Calculate y(-94).
9
Let z(y) = -26*y**2 + 212*y + 340. Calculate z(11).
-474
Let y(c) = -c**2 + 14218*c + 142471. Determine y(-10).
191
Let t(a) = -34*a**2 - 4657*a - 187. Give t(-137).
-324
Let j(l) = -3*l**3 + 49*l**2 - 207*l - 255. What is j(-1)?
4
Let l(w) = -2*w**3 + 26*w**2 - 9*w + 115. Calculate l(14).
-403
Let r(y) = 7061*y - 21040. Determine r(3).
143
Let w(j) = -j**2 + 7966*j - 55635. What is w(7)?
78
Let i(h) = 10928*h + 1661088. Give i(-152).
32
Let k(h) = -3*h**2 - 153*h + 10327. Give k(-88).
559
Let k(u) = -u**2 + 7739*u + 233071. Give k(-30).
1
Let l(y) = -y**3 - 210*y**2 + 6517*y + 1477572. What is l(-207)?
6
Let h(j) = -10763*j - 548755. Determine h(-51).
158
Let r(c) = c**2 + 86*c - 41. Give r(-9).
-734
Let x(j) = 2806*j + 316823. Calculate x(-113).
-255
Let o(l) = l**3 + 20*l**2 + 31*l - 120. Give o(-18).
-30
Let m(r) = 3818*r - 164199. Give m(43).
-25
Let w(n) = 1630*n - 284. What is w(1)?
1346
Let v(m) = m**3 - 120*m**2 + 799*m + 22206. Determine v(111).
6
Let y(m) = 769*m**2 + 135*m + 271. What is y(-2)?
3077
Let l(b) = -b**3 + 49*b**2 + 57*b - 1979. What is l(49)?
814
Let f(w) = 5*w**3 + 88*w + 548. Calculate f(-5).
-517
Let j(a) = 670*a - 16060. Give j(18).
-4000
Let z(h) = 4*h**3 + 387*h**2 + 2115*h + 1953. Give z(-91).
-49
Let x(a) = 17306*a - 346130. Calculate x(20).
-10
Let k(y) = -3*y**2 + 932*y - 20060. What is k(21)?
-1811
Let o(u) = -24*u**3 - 2*u**2 - 6*u + 2642. Determine o(0).
2642
Let j(y) = 52*y + 1129. Calculate j(-35).
-691
Let r(c) = -c**2 - 929*c + 173. Calculate r(0).
173
Let x(c) = -7035*c - 337726. Calculate x(-48).
-46
Let h(n) = -4*n**3 + 6258*n**2 - 156981*n + 4611. Determine h(1539).
-6
Let d(i) = -35*i**2 - 21709*i - 43422. Determine d(-2).
-144
Let t(p) = 18*p**2 - 773*p - 2408. Determine t(46).
122
Let s(g) = -2*g**2 + 10556*g + 243791. Determine s(-23).
-55
Let u(m) = 169*m**3 + 14*m**2 + 63*m - 106. Calculate u(3).
4772
Let x(u) = u**2 + 38*u + 647. Calculate x(-30).
407
Let j(s) = 33*s**3 - 205*s**2 + 62*s - 130. What is j(6)?
-10
Let d(f) = -562*f + 6282. Calculate d(11).
100
Let u(k) = 4585*k + 68880. Give u(-15).
105
Let w(f) = 407*f - 58902. Calculate w(145).
113
Let k(z) = -z**2 + 21245*z - 721184. What is k(34)?
-10
Let x(a) = 15*a**2 - 504*a - 2725. Calculate x(39).
434
Let u(c) = -790*c + 3063. Calculate u(5).
-887
Let n(v) = 17*v**2 - 2489*v + 4987. Give n(2).
77
Let k(s) = s**3 + 5963*s**2 + 83274*s - 177. Give k(-14).
-9
Let o(n) = 791*n + 1007. Calculate o(0).
1007
Let i(p) = -11*p**2 + 4289*p - 21174. Give i(5).
-4
Let h(b) = b**2 + 221*b - 28057. Determine h(89).
-467
Let a(x) = -x**3 - 47*x**2 + 2650*x + 124268. Give a(-46).
252
Let u(d) = 9*d**2 - 81*d + 477. Determine u(11).
675
Let p(z) = -14*z**3 + 48*z**2 - 29*z - 11. Calculate p(2).
11
Let u(q) = 5369*q - 488665. Give u(91).
-86
Let j(p) = p**3 - 90*p**2 - 445*p - 12604. Determine j(96).
-28
Let w(p) = -25*p**3 + 12*p**2 - 123*p - 305. Determine w(-2).
189
Let u(n) = -34*n**2 - 40*n - 109. Determine u(-3).
-295
Let f(s) = 8*s**3 - 39*s**2 + 142*s + 143. Determine f(7).
1970
Let g(j) = -j**3 - 45*j**2 - 265*j - 96. What is g(-38)?
-134
Let y(q) = -535*q - 12355. What is y(-23)?
-50
Let g(z) = -z**2 + 5*z + 3149. Calculate g(60).
-151
Let t(c) = c**2 - 447*c - 34505. Give t(-67).
-67
Let j(r) = -97*r**2 + 3014*r - 174. Calculate j(31).
43
Let g(b) = 3*b**3 - 86*b**2 - 4909*b + 141519. Calculate g(29).
-1
Let t(c) = 8279*c + 14223323. What is t(-1718)?
1
Let b(r) = -2660*r**2 - 66489*r + 254. What is b(-25)?
-21
Let s(z) = z**3 + 39*z**2 - 2*z - 1703. Determine s(-38).
-183
Let s(